6596 + -6603. Let f(m) = -20*m - 147. What is f(u)?
-7
Let l(i) = 7*i**3 + 14*i**2 + 8*i - 12. Let v(n) = -13*n**3 - 27*n**2 - 15*n + 23. Let p = -166 + 160. Let d(x) = p*v(x) - 11*l(x). Calculate d(-8).
-22
Let a(p) = -p**2 + 9*p. Suppose -4 = 2*x, 4*n + 0 - 24 = 4*x. Suppose 44 = -3*k + 6*k + n*w, 0 = -5*k - 3*w + 55. Calculate a(k).
8
Let a(p) = -3*p + 25. Let q(m) = m - 12. Suppose 21 = 5*s + 1. Let w be 8 + -1 + (1 - -1). Let h(n) = s*a(n) + w*q(n). What is h(-7)?
13
Suppose -18*i + 7 = -25*i. Let k be 4 + 4*(i - 0). Let h(n) = -5*n - 1. Let b(m) = 13*m + 3. Let v(l) = 3*b(l) + 8*h(l). Give v(k).
1
Let s(u) = -u + 705 + 704 - 2117 - 31*u**2 + 707. What is s(-1)?
-31
Let j(k) = -6 - 4*k + 0 - k**2 + 0*k**2. Let i be 1118 + -1110 + 1 + 13*-1. Calculate j(i).
-6
Let w be (6/(-4) + 200/560)/((-4)/42). Let n(v) = v**2 - 11*v - 23. Give n(w).
-11
Let b(q) = -19 + 9 + 10 + 5 - 10*q - 3*q**2. Calculate b(-5).
-20
Let p be (13/((-819)/42))/((-2)/12). Let g(i) = -i**2 + 10*i - 34. Give g(p).
-10
Let h(q) be the third derivative of 7/24*q**4 + 0 - 15*q + 1/120*q**6 + 3/2*q**3 + 2*q**2 + 2/15*q**5. Suppose w + 3*p - 6 = 2, p - 19 = 2*w. Determine h(w).
9
Let g(d) be the second derivative of d**4/12 + 5*d**3/6 - 4*d**2 + 2*d. Let j(l) = l**2 + 19*l + 72. Let k = -627 + 614. Let x be j(k). Determine g(x).
-2
Let m(h) be the first derivative of 12 - 1/4*h**4 - 1/2*h**2 + 5*h + 4/3*h**3. Give m(4).
1
Let h(z) = 9*z + 369. Let d(f) = f - 154. Let g(a) = 2*d(a) + h(a). What is g(-5)?
6
Let z(i) = i**2 - 3*i - 11. Let x(l) = -10 + 14*l + 9 - 16*l - 13. Let q be x(-9). Let h be z(q). Let k(v) = -v + 2. What is k(h)?
9
Suppose 2*r - 772 + 798 = 0. Let f(g) = -3*g + 0*g + 2*g + 0*g - 5. What is f(r)?
8
Suppose 4*v - 50 = h, 4*h = h + 6. Let u(k) = 3*k**2 - k - 5. Let t(n) = 10*n**2 - 17*n - 8. Let b(w) = t(w) - 3*u(w). Give b(v).
-6
Suppose 168*c + 2142 = -54*c - 1188. Let m(w) = 3*w - 1. Determine m(c).
-46
Let v(l) = -6*l + 41. Let d be v(6). Let r(c) = -2*c + 12. Let i be r(d). Let z(j) = -10 - j**2 + 6 + i*j - 9*j. Give z(-5).
6
Let w(i) be the third derivative of i**8/20160 + i**7/840 + i**6/120 - 3*i**5/2 + 86*i**2. Let x(c) be the third derivative of w(c). Give x(-5).
1
Let o be (0 - 5)*(-7 - -6). Let y be -1*(4 - o)*0. Let t(u) = 2*u - 21. Let d(x) = -x + 10. Let b(i) = 5*d(i) + 3*t(i). What is b(y)?
-13
Let g(m) be the third derivative of -m - 1/60*m**5 + 0 - 3/2*m**3 - m**2 + 1/12*m**4. What is g(6)?
-33
Suppose -5*z + 25 = 0, s + z - 2 - 7 = 0. Let g(a) = 23*a - 100. Let k be g(s). Let r(m) = -m**3 - 8*m**2 - 3. Calculate r(k).
-3
Let d(r) be the first derivative of r**2 - 4*r - 8. Suppose 0 = -2*l - 8, -16 = 3*z + 20*l - 19*l. Determine d(z).
-12
Let z(a) = -a**2 + 3*a - 3. Suppose -2*n + 340 = -5*b, 6*b + 4*n - 86 = 7*b. Let w = 66 + b. Suppose w = 15*o + 26 - 71. Give z(o).
-3
Suppose -5*c = -2 - 3. Let f(y) = -2 + 10310*y + 10308*y + 10302*y - 30924*y. Determine f(c).
-6
Suppose -n + 4*m + 1 - 13 = 0, -3*n = -m + 3. Let u(a) = -8 - 8*a + 4*a + n*a + a. Determine u(-5).
7
Let j(c) = 2 + 3*c - 31*c - 3. Suppose -5*s = 3*b - 4, 0 = -20*s + 17*s + b - 6. Calculate j(s).
27
Let i(s) = 6*s + 103. Suppose -4840 = 44*j + 198*j. Determine i(j).
-17
Let x(i) be the second derivative of -i**3/3 - i**2 - 288*i - 1. Let l(u) = 5*u**3. Let o be l(-1). Calculate x(o).
8
Let d(u) = u**3 + 9*u**2 - 13*u - 26. Suppose -465 = w - 455. Calculate d(w).
4
Let b(j) = 27*j**2 + 2*j + 5. Suppose -4*f = 5*k - 10, 5*f + 4 = k + 31. Give b(k).
109
Let v = -62 - -65. Let k(g) = 4*g**2 - 303 + 5*g + 608 - 307 - g**v. Let q(u) = u + 1. Let s be q(4). Determine k(s).
-2
Let r(g) = -g**3 + 6*g**2 + 6*g + 5. Let y(x) = -x**3 - x**2 - 4*x - 5. Suppose -3*b = 5*z - 14, 0 = -7*z + 5*z + 8. Let j be y(b). Determine r(j).
-2
Let y(p) = 3*p**3 - 2*p**2 - 2*p - 6. Let r = 13317 - 13319. Determine y(r).
-34
Let s be 9568/40 + 4 + (-4)/(-5). Let p = -246 + s. Let y(k) = 3*k**3 + 2*k**2 - 2*k. Give y(p).
-12
Let f(m) = 2*m**3 + 24*m**2 + 12*m - 7. Let u(o) = -o**3 - 14*o**2 - 11*o + 8. Let c(p) = -2*f(p) - 3*u(p). Determine c(-8).
46
Let c = -90 + 54. Let j = c + 48. Let w(p) = j*p**2 - 15*p**2 + 2*p**3 + p + 0*p. Determine w(2).
6
Let d be ((-4)/6)/(6/(-63)). Let u(j) = j + 2 - d + 6. Suppose 0 = 23*k - 39*k - 22*k. Give u(k).
1
Let t(l) be the third derivative of l**4/24 - l**3/6 + 2*l**2 + 54. Suppose 6*d - 9*d + 12 = 0. Determine t(d).
3
Suppose 3*h + 15 = 8*h. Let d(b) = 2*b + 1 - h*b + 7*b**3 + 2*b**3 + 10*b**3. Suppose 2*r + 6*r - 8 = 0. Determine d(r).
19
Let o be ((-13728)/308)/((-2)/14). Let r = 318 - o. Let f(l) = l**2 - 8*l + 5. Give f(r).
-7
Let l(m) = -48 - 4120*m - 120 + 1 + 4115*m. Determine l(-35).
8
Suppose 5*i = 3*j + 1, -3*j = -4*i + 8 - 6. Let f(s) = 4*s**2 - 2*s + 1. Let t be f(1). Let y(r) = -3*r - t + 0 - 1 + 5. Give y(i).
4
Let h(r) = -2 - r - r - r + 2*r. Let v(x) = 0*x**2 - 10*x**2 + 9*x**2 + 14*x - 19. Let t be v(13). Determine h(t).
4
Let q(m) = -12*m - 1195. Let b be q(-100). Let s(i) = -i**3 + 3*i**2 + 5*i - 13. What is s(b)?
-38
Let p(i) be the third derivative of -i**6/180 + i**5/24 + 11*i**4/2 - i**2 + 20. Let h(m) be the second derivative of p(m). Calculate h(3).
-7
Let h(r) = -r**2 + r + 9. Suppose 0 = 3348*z - 3347*z - 8. Determine h(z).
-47
Let x(k) = 667 - 9*k + 632 - 1319. Give x(-3).
7
Let h(s) = s**2 - 8*s - 9. Let r(a) = -6*a**3 - 16*a**2 - 17. Let z(d) = 7*d**3 + 17*d**2 - d + 17. Let b(v) = 5*r(v) + 4*z(v). Let j be b(-6). Give h(j).
-16
Let o(g) = -13*g - 70. Suppose -50 = 12*k + 4*k - 6*k. Give o(k).
-5
Suppose 3*d - 21 = 2*l, l + 0*d = 4*d - 18. Let b(p) = 5*p + 248. Let i(z) = -9*z - 454. Let o(k) = 11*b(k) + 6*i(k). Calculate o(l).
-2
Let m(d) be the second derivative of d**4/12 - d**3/2 + 3*d**2/2 + 126*d - 1. Let r(c) = -c**3 - 2*c**2 - 4. Suppose z = -6 + 3. Let g be r(z). Determine m(g).
13
Let k(j) = 3*j + 37. Let a be k(-10). Let v(y) = y - 5. Let t be v(a). Suppose t*f = 7*f - 15. Let n(p) = p**2 - p - 4. Give n(f).
2
Let s(j) = j + 1. Suppose -3*h = -0*h - 54. Suppose -27 = -h*g + 9. Suppose g*x + 6 = 4. Give s(x).
0
Suppose -3*k - c - 2 = 3*c, -5*c - 5 = 5*k. Let j be -2 + 39*k/(-6). Let h(q) = j*q - 34*q + 14*q + 13*q. Determine h(4).
16
Let y(q) = -19*q + 43. Let w(p) = 79*p - 173. Let g(c) = -2*w(c) - 9*y(c). Let j be g(3). Let r(u) = 9*u. Calculate r(j).
-18
Let i(t) = -805 + 1575 - 6*t - 773 + t**3 + 7*t**2. Calculate i(-8).
-19
Let z = 10666 + -10659. Let x(s) = s**3 - 9*s**2 + 5*s + 3. Give x(z).
-60
Let y(t) = t**3 + 2*t**2 - 6*t - 4. Suppose 0 = -42*z - 246 + 120. What is y(z)?
5
Let r(m) = -157 - 326*m + 637*m - 322*m + 60. Calculate r(-8).
-9
Let u(a) = 2*a**3 - 35*a**2 - 19*a + 18. Suppose 2*x + 2*j = 42, 0 = x - 4*j - 28 + 22. Calculate u(x).
0
Let w(s) = -s**3 + 14*s**2 + 32*s - 13. Let o = -8886 + 8902. Determine w(o).
-13
Let d(s) = s**3 - s**2 - 2*s - 3. Let j be 10 + 19/(-1) + 8. Determine d(j).
-3
Suppose a - y + 6*y - 68 = 0, 0 = 2*a + 4*y - 136. Let n = -55 + a. Let g(l) = -n - 5 + 4 + l. Calculate g(6).
-8
Let s(j) be the first derivative of j**4/6 + j**3 + 3*j**2 + 52*j + 172. Let b(y) be the first derivative of s(y). Calculate b(-3).
6
Let r be (2/(-7))/((-3)/63) - -4. Let u(g) = -7*g - 6*g**2 + 9 - g**3 + 14 - 37 + r. Give u(-4).
-8
Suppose f - 669 = -675, -5*l + 5*f = 10. Let i(a) = -a**3 - 9*a**2 - 10*a - 27. Determine i(l).
-11
Let i(s) = -19*s. Suppose -54 = -7*q - 19. Let c be (-143)/(-39) - 4/6. Suppose c*k - q*k - 2 = 0. Calculate i(k).
19
Let x(v) = 111*v**3 + 5*v**2 - 2*v + 1. Let y(p) = 110*p**3 + 4*p**2 - 2*p. Let j(o) = -3*x(o) + 4*y(o). Calculate j(-1).
-107
Let h = -519 - -777. Let d(u) = -3 + 6*u + h*u**2 - 508*u**2 + u**3 + 259*u**2. Determine d(-8).
13
Let p(j) = -52*j**2 + 34*j - 9. Let i(r) = -108*r**2 + 70*r - 18. Let u(h) = -14*i(h) + 29*p(h). Calculate u(4).
79
Let s(o) be the third derivative of o**6/120 + 9*o**5/20 - o**4/24 - 19*o**3/2 - 443*o**2. Give s(-27).
-30
Suppose 4*k = -0*k - 4. Let d be (-40)/(-50) + k/(-5). Let c(q) be the third derivative of 7*q**5/60 - q**4/24 + q**3/6 - q**2 + 56*q. Give c(d).
7
Let u = 7231 - 7234. Let w(p) = 13*p**2 + p + 4. Calculate w(u).
118
Let x be (-826)/3717 + 130/18. Let l(n) = 9. Let g(m) = m - 9. Let s(a) = 4*g(a) + 3*l(a). Determine 